the units digit of o?
1
Suppose -80734 = -57*s + 20*s. What is the tens digit of s?
8
Suppose 5*q + 3*n = 1608, 2*q + 1288 = 6*q + 2*n. What is the tens digit of q?
2
Suppose -11*d + 17*d = 210. Let t = d + 2. What is the units digit of t?
7
Suppose -15351 = 38*p - 59*p. What is the units digit of p?
1
Suppose 4*v - 684 = 2*p, -2*v + 3*p + 358 = -2*p. Suppose -30*k = -27*k. Suppose -5*t + 4 + 16 = k, -3*r + v = 4*t. What is the units digit of r?
1
Let w(h) be the first derivative of -h**4/4 - 3*h**2 - 10*h - 24. What is the units digit of w(-3)?
5
Suppose 23106 + 133764 = 63*x. What is the tens digit of x?
9
Let j(q) = -q + 72. Let a be j(21). Let n = a - -105. What is the hundreds digit of n?
1
Let m(a) = a**2 - 42*a + 4876. What is the units digit of m(0)?
6
Let t(g) = -g**3 - 8*g**2 + 4*g + 2. Let k(z) = z**2 + z. Let v(b) = 2*k(b) - t(b). Let y = 4 + -14. What is the tens digit of v(y)?
1
Suppose 9 = 2*z - 3*z. Let h = -12 - z. Let s = 18 + h. What is the tens digit of s?
1
Let m(f) be the first derivative of -f**2/2 - f + 13. Let u be m(1). What is the units digit of -12*(u + 50/(-15))?
4
Let h(p) = 2*p**2 + 9*p - 5. Let q(i) = 4*i + 5. Suppose 0 = -0*n - 2*n - 6. Let w be q(n). What is the units digit of h(w)?
0
Suppose -1865 = -5*m + 6*i - 9*i, 0 = 2*m + 4*i - 760. What is the hundreds digit of m?
3
Let n = -166 - -340. What is the tens digit of n?
7
Let r = 6227 - 4234. What is the units digit of r?
3
Let a = -682 + 1012. Suppose -2*v - a = -8*v. What is the units digit of v?
5
Suppose 2*b + 2*a + 3*a - 423 = 0, -3*b = -3*a - 645. Let c = b - 149. What is the units digit of c?
5
Let p(b) = b**3 + b**2 - 13. Let l be p(-5). Let s = -5 - l. What is the hundreds digit of s?
1
Let g = 67 + -54. Suppose g*o - 1344 = 216. What is the tens digit of o?
2
Suppose -58*d = -41*d - 3995. What is the tens digit of d?
3
Suppose 2*z = -2*z + 16. Suppose -14 = -z*h + 226. What is the tens digit of h?
6
Suppose 2*t - 5*g - 132 = 0, 0 = -5*t - 8*g + 3*g + 365. Suppose -2*b + 229 = t. What is the tens digit of b?
7
Let m = 106 + -104. Suppose 0 = t, 6*y + t = m*y + 12. What is the units digit of y?
3
Let g(l) = l**2 - 2*l - 4. Let o be g(4). Suppose -2*w - w + 15 = 4*a, -3*a = -o*w - 5. What is the units digit of a?
3
Let y(v) = -v**3 + 18*v**2 + 19*v + 3. Let h be y(19). Suppose -195 = -h*n + 51. What is the tens digit of n?
8
Suppose -w + 1 = -0*w. Suppose -3*n - w = -112. What is the tens digit of n?
3
Let t(s) = -5*s**2 + 31*s + 10. Let i be t(11). Let p = -166 - i. What is the units digit of p?
8
Suppose 0 = -a + 4062 - 370. What is the hundreds digit of a?
6
Let r(y) = y**3 + 13*y**2 - y - 9. Let g be r(-13). Suppose 0*b + g*b - 320 = 0. What is the units digit of b?
0
Let n(p) = -p**2 - 13*p - 3. Let b be n(-13). What is the units digit of 95*(b/(-5))/1?
7
Let l(k) = -k**3 - 13*k**2 - 14*k - 1. Suppose -4*w + 2 = -270. Let u be w/(-6) + (-8)/12. What is the units digit of l(u)?
3
Suppose 15 = -9*q + 12*q. What is the tens digit of ((-1)/1)/((q/455)/(-1))?
9
Let i = 66 - 31. Suppose 0 = 2*m + 11 + 27. Let y = i + m. What is the tens digit of y?
1
Suppose -2*g - 10 - 14 = 0. Let u(w) = w**2 + 11*w - 7. Let k be u(g). Suppose k*d - 35 - 125 = 0. What is the tens digit of d?
3
Suppose p + 43 = -122. Let s(c) = -4*c**3 + 4*c**2 - 11*c - 7. Let i be s(3). Let j = i - p. What is the units digit of j?
3
Suppose 3*b = -3*a + 852, -5*b + 6*a = 8*a - 1411. What is the tens digit of b?
8
Let s be (-3 - 41/(-13)) + 1296/26. Let m = 3 + s. What is the tens digit of m?
5
Let k(a) = -a**2 - 5*a - 8. Let j be k(-3). What is the units digit of j/(-13) + 11365/65?
5
Suppose 5*d = 5*f + 25, -d + 2*d + 5*f - 11 = 0. Suppose -5*i - 5*v = -250, -i + d*i + 2*v - 256 = 0. What is the units digit of i?
2
Let h = -21 - -20. Let t = 79 + h. What is the tens digit of (3*2)/(9/t)?
5
Suppose -33*w = 78*w - 311577. What is the units digit of w?
7
Let t be 11/3 + (-8)/(-6). Let i = 10 - t. Suppose n = -2*n + 2*v + 131, 3*v - 193 = -i*n. What is the tens digit of n?
4
Let u = 28 - 10. Suppose -26*o = -u*o - 440. What is the tens digit of o?
5
Let h(m) = m**3 - 25*m**2 - 52*m - 51. Let s be h(27). Suppose 2*y + y - 3 = 0. What is the units digit of 162/6*y/s?
9
Let n(j) = j**3 + 5*j**2 + 3*j + 7. Suppose 0 = -3*m - 1 - 14. Let o be n(m). What is the tens digit of (-15)/(-20) - 194/o?
2
Suppose 6*x - 128 - 40 = 0. What is the tens digit of ((x/21)/4)/((-2)/(-858))?
4
Let q = -139 - -78. Let c = 205 + -113. Let u = c + q. What is the tens digit of u?
3
Suppose 4*d + 2*v - 38 = 0, -v - v + 28 = 3*d. Suppose -4 = g - d. What is the units digit of g?
6
Suppose -17 = -4*q - 261. Let m = -14 - q. What is the units digit of m?
7
Suppose 0 = -m + 2*i, 5*m = 4*i - 0*i. Suppose -4*t - 3*g + 15 = -4*g, 2*g + 6 = m. Suppose t*v - 48 = -v. What is the units digit of v?
2
Let o be 17148/16 - (-3)/12. Suppose -r - 3*r - o = 0. What is the tens digit of (-10)/(-50) - r/10?
2
Suppose 2*o - 3703 = -21*o. What is the tens digit of o?
6
Let u(d) = -d + 4. Let s be u(0). Suppose 0 = -5*z + 4*l, 2*z - 2*l = -3*z + 10. Let a = s + z. What is the units digit of a?
8
Let q = 1084 + -773. Let g = q + -170. What is the units digit of g?
1
What is the units digit of 3988/8 + (-7)/(-14)?
9
Let l(q) = -q**2 - 27*q + 2. Let g be l(-23). Let b = -40 + g. What is the units digit of b?
4
Let b = -28 - -35. Suppose b*g + 0*g - 280 = 0. What is the units digit of g?
0
Suppose 5*i = -32 - 203. Let w = -118 - -184. Let j = w + i. What is the tens digit of j?
1
Let n(a) = a**3 + 5*a**2 + 14. Let d be n(6). Suppose -442 = -6*p + d. What is the units digit of p?
2
Suppose -4*y - 72 = -108. What is the units digit of y?
9
Let b be 5/10*2*-19. Let c = 51 - b. What is the units digit of c?
0
Let u(y) = -y**3 + 4*y**2 - 5*y - 1. Let h be u(4). What is the units digit of 8/((-1)/5 + h/(-30))?
6
Suppose -l + 1 = 2*i - 8, 0 = 2*i. Let z(o) = o**2 - 9*o + 17. What is the units digit of z(l)?
7
Let q = 251 - -852. What is the tens digit of q?
0
Let y = 70 - 98. Let h = 28 + y. Suppose h = 3*f, 0*f = -5*d + 4*f + 175. What is the tens digit of d?
3
Let c(p) = -p**2 + 6 - 5*p + p - 3. Let w be c(-4). Suppose w*y - 49 - 95 = 0. What is the units digit of y?
8
Let c = 4 + 0. Suppose -4 = -c*w + 4. What is the units digit of -6*(-1)/w - -33?
6
Let d = -7 - -1. Let t be 1/(-5) - 280/(-25). Let x = d + t. What is the units digit of x?
5
Suppose 0 = 3*f - 4*i - 4603, -3*f + 5690 - 1057 = 2*i. What is the hundreds digit of f?
5
Suppose 0 = 5*f + 882 - 3552. What is the hundreds digit of f?
5
Suppose -24*x + 9516 = 2*x. What is the units digit of x?
6
Suppose 0 = 4*q - 2*g - 1646, 5*g + 1643 = 4*q + 2*g. Let i = q - 163. What is the units digit of i?
0
Suppose -3294 = -16*d + 4658. What is the hundreds digit of d?
4
Suppose 8*r - 9*r + 891 = 0. What is the tens digit of r?
9
Suppose 5*d = 4*f + 31 - 0, -d = -3*f - 4. Suppose -12*r + d*r + 120 = 0. What is the tens digit of r?
2
Suppose -13*d + 4686 + 5129 = 0. What is the hundreds digit of d?
7
Let g = -17 - -19. Suppose -u + 8 = g. Let v(a) = 2*a**2 - 5*a - 14. What is the tens digit of v(u)?
2
Suppose -3*z = -b - 3111, 4*z + 5*b + 833 = 5000. What is the units digit of z?
8
Let v(y) = y**2 + 11*y + 18. Let f be v(-7). What is the tens digit of (-19 - -3)/(1 - (-14)/f)?
4
Suppose -n = -4*n - 36. Let q = n + 15. What is the units digit of q?
3
Let t(a) = -2*a**3 + a**2 - a - 7. Let m be t(-3). Suppose 4*k - 145 = -k. Let g = m - k. What is the tens digit of g?
3
Let w = -1253 - -1899. What is the tens digit of w?
4
Let a(i) = -9*i**2 + 12*i + 29. Let o be a(-8). Let h = -431 - o. What is the tens digit of h?
1
Suppose 4*b = -4*r + 5*r + 949, -4*r - 964 = -4*b. What is the tens digit of b?
3
Suppose 0 = -0*r - 5*r - 60. Let a = -2 - r. Let q(s) = 4*s - 11. What is the tens digit of q(a)?
2
Suppose 5*d - 992 = 5*n + 283, 3*d - 766 = 2*n. Suppose -5*b + 3*v + 196 + d = 0, -4*b + 363 = -v. What is the units digit of b?
1
Suppose -13*y = -19974 - 8366. What is the hundreds digit of y?
1
Let y be -4 - -7 - (-2058 + 0). What is the hundreds digit of y/12 - 5/(-20)?
1
Let o be ((-1 + -2)/(-6))/(1/(-2500)). What is the units digit of -3 + o/(-14) + 2/(-7)?
6
Suppose -2*h + 5*h - 3 = -g, -4*g = 4